rs of n(m)?
11
Let i = 21 + -18. What are the prime factors of 4/(1/(-1) + i)?
2
Suppose -22 + 222 = 4*b. List the prime factors of b.
2, 5
Suppose -3*n = 3*j + 42, 5*n - 2 = 3*j - 0. Let l = j - -5. List the prime factors of l/14 + (-158)/(-14).
11
Let i(h) = -h + 6. Let s be i(6). Let n(c) = -c**3 - 4*c**2 + 4. Let l be n(-4). Suppose 0 = -s*f + 2*f - l. What are the prime factors of f?
2
Let a = -9 + 13. Suppose 3*w + 4*u = 0, -3 - 3 = 2*u. Suppose w*v = -2*p + 10, -v = v - a*p. List the prime factors of v.
2
Suppose -3*g = -0*w + 5*w + 4, 2*w - 4 = -2*g. Let m = g + 9. What are the prime factors of m?
2
Suppose 5*q + 2*y - 52 = 0, -3*y + 0*y - 47 = -5*q. Suppose q*m - 5*m = 150. List the prime factors of m.
2, 3, 5
Let c(y) = -4*y + 7. What are the prime factors of c(-6)?
31
Let w(n) = n + 2. Let y be w(-5). List the prime factors of 6 - (y + (-3)/(-3)).
2
Let w = -243 - -517. List the prime factors of w.
2, 137
Let f be 3 + (-4)/(-3 - -7). List the prime factors of 39 - 7/((-7)/f).
41
Let i(y) = -77*y**3 - 17*y**2 - y - 13. Let z(d) = -d - 4*d + 5*d - 19*d**3 - 4*d**2 - 3. Let h(m) = 2*i(m) - 9*z(m). List the prime factors of h(1).
2, 3
Let i be (1 + 14/(-4))*-2. Let y = -5 + i. Let j = 5 + y. List the prime factors of j.
5
What are the prime factors of (12/(-9) - -1)*-171?
3, 19
Let b = -327 + 551. List the prime factors of b.
2, 7
Suppose 0 = 5*a - 138 - 157. List the prime factors of a.
59
Let i(u) be the third derivative of -u**5/60 - 7*u**4/24 + 2*u**3/3 - 2*u**2. What are the prime factors of i(-6)?
2, 5
Let f(u) = -u + 7. List the prime factors of f(-5).
2, 3
Let t be (-32)/6 + (-2)/3. Let j = -2 - t. Suppose 4*y - 12 = 4, -j*y + 44 = 2*f. List the prime factors of f.
2, 7
Let k = 92 + -57. List the prime factors of k.
5, 7
Let s(r) = 15*r**2 - 4*r - 4. List the prime factors of s(-2).
2
Let t(n) be the first derivative of 2*n**3/3 + n**2 - 2*n - 1. Let a be t(-2). Suppose a*p + 4 = -2*p + 4*m, 0 = 3*p - 5*m + 9. What are the prime factors of p?
2
Let g(d) = -2*d**3 - 3*d**2 + 2*d + 1. Let w = -7 + 4. What are the prime factors of g(w)?
2, 11
Let q(v) = 2*v**2 - 3*v - 14. List the prime factors of q(8).
2, 3, 5
Let v(j) = j**3 + 4*j**2 - j - 1. Let l be 2/(-4)*(-2 - -2). Let i be 0 - (4 - l - 0). What are the prime factors of v(i)?
3
Let a be 2/12 + (-66)/(-36). Suppose -3*y - 2*t + 31 = 0, -3*y = -3*t - a - 19. List the prime factors of y.
3
Suppose -5*p - 4763 = 4*g, 6*p - p + 4769 = -2*g. What are the prime factors of p/(-35) - (-2)/(-7)?
3
Suppose 4*g - s + 1 = g, 8 = -4*s. Let x be -2 + (5/g)/1. List the prime factors of (-136)/(-14) - 2/x.
2, 5
Let k(s) = 24*s**2 + 2*s. Let r be k(2). Suppose -3*n = 10 - r. List the prime factors of n.
2, 3, 5
Let u be (-3)/(-9) - (-1)/(-3). Suppose -3*z + 4*z - 3 = u. Suppose 0*a - 63 = -z*a. What are the prime factors of a?
3, 7
Let s(f) = 2 - 4 + f**3 - 3*f - 3*f**2 + 4*f. Let n be s(3). List the prime factors of 1*(-1 + 3 + n).
3
Let n = -95 + 161. List the prime factors of n.
2, 3, 11
Suppose 0 = -v + 2*g + 20, -g - 2*g + 54 = 2*v. List the prime factors of v.
2, 3
Let c(h) = 2*h**2 - 21*h - 13. What are the prime factors of c(15)?
2, 61
Suppose -t = -3, -3*d + 59 = -d + 5*t. Suppose -4*y = -z + y + 20, 3*z = -4*y + d. List the prime factors of z.
2, 5
Let u(i) = 3*i - i - 2*i + 2*i. List the prime factors of u(9).
2, 3
Let d = 137 + -30. What are the prime factors of d?
107
Let n be 1/(3*1/12). Suppose 0 = n*x - a - 123, -2*x - 3*x = 2*a - 157. What are the prime factors of x?
31
Let y = -25 - -86. List the prime factors of y.
61
Suppose 5 + 0 = b. Suppose -2*d - c = 4, -1 + 0 = -b*d + 3*c. What are the prime factors of (8 + 2)/(d + 2)?
2, 5
Let u be ((-42)/(-9))/(4/6). What are the prime factors of -1*u*42/(-49)?
2, 3
Let x(g) = g**2 - 22*g + 27. List the prime factors of x(23).
2, 5
Let x(f) = -2 - 8*f - 3 + f**2 + 0 + 1. List the prime factors of x(10).
2
Suppose -d + 39 = 4*n - 3*n, -4*n - 5*d + 156 = 0. Let c be 4/20 + n/5. Suppose c*i - 5*t = 5*i + 6, 5*i = 4*t + 10. What are the prime factors of i?
2
Let m(q) = -q**3 + 8*q**2 + 9*q + 3. Let k be m(9). List the prime factors of (4/k)/(6/45).
2, 5
Suppose 4*x - 20 = -5*g, 2*x = g - x - 4. What are the prime factors of -2*(-2)/g - -2?
3
Let g(m) = -m**2 + 5. Let n be g(0). Suppose 5*f + n = 0, -f + 12 = 5*l - 37. List the prime factors of l.
2, 5
Let a(f) = f**2 - 9*f - 19. List the prime factors of a(13).
3, 11
Let t be (11 + -14)*(-10)/6. List the prime factors of -2 + t*(-32)/(-4).
2, 19
Let j(b) = -b**3 + 17*b**2 + 7*b + 2. List the prime factors of j(17).
11
Suppose -o - 2 + 0 = 0. What are the prime factors of (-3)/(-3) - (o + -3)?
2, 3
Suppose 2*g + g + 4*q - 21 = 0, -5*q = -2*g + 14. List the prime factors of g.
7
Let l(g) = -17*g**2 - 1. Let q be l(-1). Let s = q - -32. What are the prime factors of s?
2, 7
Let p(b) = -b**2 - 4*b + 78. What are the prime factors of p(0)?
2, 3, 13
Let l(g) = 2*g - 2. What are the prime factors of l(5)?
2
Let y(o) = 3*o + 6. Let d be y(-4). Let k(t) = t + 4. Let v be k(d). Let r = 1 - v. List the prime factors of r.
3
Let q be 2/(-2) - (-12)/2. Let d(h) = h**3 - 6*h**2 + 2*h - 8. Let a be d(6). Suppose -a*x = q - 17. List the prime factors of x.
3
Let r(d) = -3*d - 3. Let s be r(-2). Suppose -s*q = -q - 30. List the prime factors of q.
3, 5
Let b be 3/(9 + -3)*10. Suppose 4*a - b*j = 3*a + 7, 0 = -4*a - j + 49. List the prime factors of a.
2, 3
Let s(h) = h**3 - 8*h**2 + 4*h + 9. Let k(z) = 2*z - 7. Let i be k(7). Let w be s(i). Let x = w - -31. What are the prime factors of x?
19
Let w(z) = -6*z**3 + 5*z**3 - 5*z - 4 + 2*z - z. List the prime factors of w(-3).
5, 7
Let a(p) = -20*p**3 - 2. List the prime factors of a(-2).
2, 79
Let d(q) = q**3 - 9*q**2 - 10*q + 10. List the prime factors of d(10).
2, 5
Let p be 11 - -2 - (-1 + 4). Suppose p = -3*x + 16. Suppose 0 = -x*u + 42 + 2. What are the prime factors of u?
2, 11
Let t(u) = u - 5. Let s be t(7). Suppose f = -2*c - s*f + 39, f - 33 = -2*c. List the prime factors of c.
3, 5
Let a be (-402)/(-14) + 2/7. Let v = -11 + a. List the prime factors of v.
2, 3
Let t = -19 - -31. Let q = t - 9. List the prime factors of q.
3
Let k(t) = t**3 + 9*t**2 + 6*t - 8. Let y = -3 + -5. Let n be k(y). Let g(b) = b**3 - 8*b**2 + 4. What are the prime factors of g(n)?
2
Suppose 0 = 7*g - 2*g + 50. Let w = -5 - g. What are the prime factors of w?
5
Suppose 6*p - 3*p = 15. Suppose p*g + 6 = -2*q, 4*q - 8 = q + g. Suppose -1 = t, -46 = s - 4*s - q*t. List the prime factors of s.
2
Let k(u) = 9*u**2 + 1. What are the prime factors of k(-3)?
2, 41
Let l be (-13)/(-5) - (-4)/10. Suppose 3*a = -l - 3. Let h(q) = 3*q**2 + q - 2. List the prime factors of h(a).
2
Suppose 3*f + 4 - 10 = 0. Suppose -f*l + 110 = 2*y, 0 = 2*y + 2*y - 2*l - 214. Suppose -4*x + 5*j = -y - 15, 0 = 4*j + 20. What are the prime factors of x?
11
Let t(x) be the first derivative of 7*x**3/3 + x**2 + x - 3. List the prime factors of t(-1).
2, 3
Let d be (-2 + 21)*(1 + 0). Suppose 4*o - 7 = y - 32, 3*o + d = y. Let v = -4 - o. What are the prime factors of v?
2
Suppose 0 = 5*u - 104 + 14. What are the prime factors of u?
2, 3
Suppose 23 = h + 5*j, -2*j + 4 = -4*h + 2*j. Let f = -19 + 20. Let n = h - f. List the prime factors of n.
2
Suppose o + 3*m + 46 = 2*o, -2*o = -m - 82. List the prime factors of o.
2, 5
Suppose -6*x + 2*x + 3*b + 17 = 0, -5*b + 10 = x. Let l = -21 + 31. Suppose -x*y - 30 = -l*y. List the prime factors of y.
2, 3
Suppose 0 = 4*b - 40 - 148. What are the prime factors of b?
47
What are the prime factors of (-1 + 0)/((-5)/110)?
2, 11
List the prime factors of -5 + 3 - (-6)/1.
2
Suppose 0 = -5*d - 3*m - 309, -2*d + 4*m = 3*d + 323. What are the prime factors of d/(-4) - (-3)/12?
2
Let p(y) = -y**3 + 3*y**2 + 5*y + 1. Let u(k) = 2*k**3 - 7*k**2 - 11*k - 2. Let s(m) = 9*p(m) + 4*u(m). What are the prime factors of s(-2)?
3
Suppose -2*p + 90 = 3*p. Let b = -12 + p. List the prime factors of b.
2, 3
Suppose -o - 33 = 2*o. Let p(t) = -t**2 - 9*t + 12. Let y(x) = 6*x**2 + 44*x - 61. Let u(b) = o*p(b) - 2*y(b). List the prime factors of u(9).
2
Suppose d + 2*d - 2*z = 276, 0 = -d + 4*z + 102. What are the prime factors of d?
2, 3, 5
Suppose -3*s + 4 = -g, g - 32 = -3*s - 12. Suppo